when 6512311 is divided by 126.
1
What is the remainder when 2122630 is divided by 4925?
4880
Calculate the remainder when 2027697 is divided by 3335.
17
Calculate the remainder when 491063 is divided by 758.
637
Calculate the remainder when 713325 is divided by 107.
63
Calculate the remainder when 153123590 is divided by 57.
44
What is the remainder when 74286 is divided by 14848?
46
What is the remainder when 2601618 is divided by 614?
100
Calculate the remainder when 110526339 is divided by 338001.
12
What is the remainder when 282426 is divided by 305?
301
What is the remainder when 88518 is divided by 6420?
5058
What is the remainder when 278661 is divided by 69320?
1381
Calculate the remainder when 267157807 is divided by 1146600.
7
What is the remainder when 655321 is divided by 163823?
29
What is the remainder when 267379 is divided by 225?
79
Calculate the remainder when 571123 is divided by 791.
21
Calculate the remainder when 17609 is divided by 1956.
5
Calculate the remainder when 394952 is divided by 3622.
154
What is the remainder when 342302 is divided by 65985?
12377
Calculate the remainder when 28047 is divided by 9304.
135
Calculate the remainder when 65267059 is divided by 9535.
9519
What is the remainder when 221292 is divided by 44247?
57
What is the remainder when 5471631 is divided by 2064?
2031
Calculate the remainder when 2057373 is divided by 43.
38
What is the remainder when 202357 is divided by 23?
3
What is the remainder when 900202 is divided by 13847?
147
What is the remainder when 244125 is divided by 121791?
543
What is the remainder when 386817 is divided by 55228?
221
Calculate the remainder when 3296229 is divided by 586.
565
Calculate the remainder when 538716 is divided by 728.
724
What is the remainder when 3455312 is divided by 49361?
42
Calculate the remainder when 1938514 is divided by 646122.
148
What is the remainder when 38365 is divided by 12780?
25
Calculate the remainder when 6188777 is divided by 282.
5
What is the remainder when 2815419 is divided by 35633?
412
Calculate the remainder when 665326 is divided by 1410.
1216
What is the remainder when 140454 is divided by 2782?
1354
Calculate the remainder when 173502 is divided by 7224.
126
What is the remainder when 1730599 is divided by 865198?
203
Calculate the remainder when 2876034 is divided by 66.
18
Calculate the remainder when 1095478 is divided by 136709.
1806
Calculate the remainder when 8388287 is divided by 783.
8
What is the remainder when 1587648 is divided by 562?
560
Calculate the remainder when 84548 is divided by 14067.
146
Calculate the remainder when 63375 is divided by 223.
43
Calculate the remainder when 43949124 is divided by 94.
82
What is the remainder when 292424 is divided by 292394?
30
Calculate the remainder when 2328613 is divided by 156.
1
Calculate the remainder when 78922 is divided by 7873.
192
Calculate the remainder when 8972948 is divided by 296.
4
Calculate the remainder when 207530897 is divided by 10.
7
What is the remainder when 32300228 is divided by 3588912?
20
Calculate the remainder when 2898679 is divided by 2037.
28
What is the remainder when 32571 is divided by 6321?
966
What is the remainder when 4970920 is divided by 108062?
68
Calculate the remainder when 61804597 is divided by 2860.
2857
Calculate the remainder when 185419 is divided by 15445.
79
What is the remainder when 1280284 is divided by 2218?
498
Calculate the remainder when 285530 is divided by 40716.
518
What is the remainder when 1872948 is divided by 4826?
460
Calculate the remainder when 930843 is divided by 186160.
43
What is the remainder when 3390136 is divided by 308194?
2
What is the remainder when 46188968 is divided by 1571?
1568
Calculate the remainder when 17122299 is divided by 17122293.
6
Calculate the remainder when 141638 is divided by 2151.
1823
What is the remainder when 36480525 is divided by 11008?
13
What is the remainder when 7673124 is divided by 8?
4
Calculate the remainder when 215466 is divided by 71802.
60
Calculate the remainder when 42664 is divided by 419.
345
What is the remainder when 1958425 is divided by 7?
0
Calculate the remainder when 5397713 is divided by 25.
13
What is the remainder when 8610650 is divided by 1029?
1007
What is the remainder when 13698363 is divided by 169?
68
What is the remainder when 45522 is divided by 7569?
108
What is the remainder when 942736 is divided by 17140?
36
What is the remainder when 50457 is divided by 113?
59
Calculate the remainder when 656308 is divided by 1497.
622
What is the remainder when 13034737 is divided by 8071?
72
What is the remainder when 1156244 is divided by 3754?
12
Calculate the remainder when 30331647 is divided by 33077.
38
What is the remainder when 175565 is divided by 82603?
10359
Calculate the remainder when 14591 is divided by 3349.
1195
What is the remainder when 227430 is divided by 477?
378
What is the remainder when 4496767 is divided by 19?
18
What is the remainder when 135464 is divided by 13138?
4084
Calculate the remainder when 3956770 is divided by 14764.
18
Calculate the remainder when 376332 is divided by 2688.
12
What is the remainder when 118913 is divided by 59387?
139
What is the remainder when 2098807 is divided by 186?
169
What is the remainder when 609877 is divided by 1502?
65
What is the remainder when 584834 is divided by 292107?
620
What is the remainder when 271381 is divided by 241?
15
What is the remainder when 1882532 is divided by 3076?
20
What is the remainder when 229437 is divided by 52?
13
Calculate the remainder when 13026354 is divided by 196.
194
Calculate the remainder when 1300028 is divided by 1299964.
64
Calculate the remainder when 31434674 is divided by 36467.
120
What is the remainder when 231043 is divided by 76273?
2224
Calculate the remainder when 574455 is divided by 4528.
3927
What is the remainder when 47361 is divided by 6723?
300
What is the remainder when 80354 is divided by 25670?
3344
Calculate the remainder when 45011861 is divided by 77.
48
What is the remainder when 464900 is divided by 8156?
8
Calculate the remainder when 919812 is divided by 4201.
3994
Calculate the remainder when 241279 is divided by 12697.
36
Calculate the remainder when 1322983 is divided by 30732.
1507
What is the remainder when 1059895 is divided by 4?
3
Calculate the remainder when 39189 is divided by 223.
164
What is the remainder when 139608 is divided by 27332?
2948
What is the remainder when 333522 is divided by 1038?
324
What is the remainder when 18673757 is divided by 39?
11
What is the remainder when 54649 is divided by 492?
37
What is the remainder when 307474 is divided by 9607?
50
Calculate the remainder when 97263430 is divided by 49.
47
What is the remainder when 212508 is divided by 42085?
2083
Calculate the remainder when 1521910237 is divided by 32.
29
What is the remainder when 292092 is divided by 2296?
500
What is the remainder when 2833941 is divided by 276?
249
Calculate the remainder when 2343912 is divided by 4020.
252
Calculate the remainder when 2430135 is divided by 683.
21
What is the remainder when 7109250 is divided by 245145?
45
What is the remainder when 3063824 is divided by 7491?
5
What is the remainder when 6424450 is divided by 22077?
43
What is the remainder when 329295 is divided by 813?
30
What is the remainder when 16274812 is divided by 176900?
12
What is the remainder when 6126444 is divided by 2042139?
27
What is the remainder when 121001 is divided by 42?
41
Calculate the remainder when 2031164 is divided by 311.
23
What is the remainder when 3829025 is divided by 3828984?
41
Calculate the remainder when 16342 is divided by 13360.
2982
What is the remainder when 106665 is divided by 57?
18
Calculate the remainder when 929951 is divided by 32067.
8
Calculate the remainder when 84725 is divided by 2862.
1727
Calculate the remainder when 6717274 is divided by 263.
254
Calculate the remainder when 22331424 is divided by 3190202.
10
Calculate the remainder when 58315639 is divided by 40.
39
What is the remainder when 2537360 is divided by 1059?
1055
Calculate the remainder when 27452596 is divided by 330753.
97
What is the remainder when 2993554 is divided by 498924?
